Let x be w(-5). Is q(x) prime?
True
Suppose f - 14 = 3*f. Let j = f + 12. Suppose -j*s = -2 + 7, 0 = 3*l - s - 100. Is l a composite number?
True
Is (27/18*-36451)/(3/(-6)) prime?
False
Let m = -75 - -75. Is m - (1352/(-3) + 6/(-18)) prime?
False
Suppose z = -3*g - 5, 5 = 2*g + z - 2*z. Suppose 3*h + 3*m = 1467, g*m - m = -h + 485. Is h prime?
True
Let z(p) = -15*p**3 - 2*p**2 - 5*p + 9. Is z(-8) a prime number?
False
Let d be (-4 - -94)*(-3)/6. Let w = d + 232. Is w a prime number?
False
Let f = -254 + 432. Suppose 0 = -3*a + 2*y + f, 4*y + 6 = y. Is a prime?
False
Suppose -2392 - 676 = -2*g - 3*d, g - 3*d - 1543 = 0. Is g prime?
False
Suppose -2 = -5*s + 2*y, 3*s + 3*y = 7*y + 4. Let m = s - -771. Is m prime?
False
Let o(p) = 55*p**2 - 6*p + 76. Is o(13) a composite number?
False
Let k(n) = -n - 6. Let x be k(-6). Is (-2 - -1) + x - 3075/(-5) composite?
True
Let l(c) be the first derivative of -c**2 + 11*c - 8. Let o = 25 + -31. Is l(o) a composite number?
False
Let g(w) = -1. Let b(c) = 41*c - 7. Let h(l) = b(l) - 2*g(l). Suppose 3 = 2*y - 5. Is h(y) a composite number?
True
Let j be 4*2/(-4) - 2. Let w be j/(-18) + 4/(-18). Suppose -74 = -w*a - a. Is a composite?
True
Suppose 0 = k + q - 14, 0*q + 2*q = -5*k + 55. Let v be 27 + -3*(-6)/k. Let r = 170 + v. Is r a composite number?
False
Suppose 5*h + 0*h = 1935. Suppose -4*l + 0 + 4 = 4*z, -l = 2*z + 2. Suppose -3*w = i - 100, -l*i = -0*w - w - h. Is i a composite number?
False
Suppose -4*w + 6233 = -7*u + 4*u, -w - 4*u = -1563. Is w a composite number?
False
Suppose 0 = -29*o + 17918 + 14301. Is o prime?
False
Let u(n) = 26*n**2 - 28*n + 12. Let o(d) = d - 1. Let k(y) = -o(y) + u(y). Is k(-12) prime?
False
Let k = -6601 + 11933. Suppose -v - w = -1341, -2*w - 2*w - k = -4*v. Is v composite?
True
Suppose 5*q - 88334 = -5*v + 71546, -5*q + 159853 = -4*v. Is q prime?
True
Suppose -5*f + 775 = 4*q, f + 2*q + 292 = 3*f. Let i = -60 + 72. Let r = i + f. Is r a composite number?
False
Is ((-2794)/(-55))/((-4)/(-310)) composite?
True
Let s(r) = 20153*r - 201. Is s(4) prime?
False
Is (703/57)/((-1)/(-1563)) prime?
False
Let d(q) = 572*q - 239. Is d(18) a composite number?
True
Let n(v) = -v**2 + v - 1. Let c(p) = p**3 + 8*p**2 - 12*p + 16. Let a(u) = -c(u) - 4*n(u). Suppose 0*i + 4*i + 26 = -2*s, -4*i - 19 = s. Is a(s) prime?
True
Is 38/(16/(-26886)*(-54)/72) a composite number?
True
Suppose 1315 = v - 724. Suppose -v = -p - 5*d, -3*d = -4*p - d + 8112. Is p prime?
True
Let j(f) = -101*f + 1. Let v be j(-1). Let p = v - 53. Is p a composite number?
True
Is 16054 + -1 - (-4 + 6) a prime number?
False
Suppose 0 = 2*i + i - 6. Suppose i*q + 6 = m + q, 2*m - 4*q - 18 = 0. Suppose 2*h = m*h - 82. Is h prime?
False
Suppose -j + 21 = -5*v - 9, 0 = 2*j - 5*v - 35. Suppose 0 = j*y - 1212 - 1953. Is y a composite number?
True
Let d = 14 - 8. Is 0/d + (-1 - -194 - -1) prime?
False
Let f = -20272 + 43287. Is f prime?
False
Let r = -15 - -12. Let k be -1 - -1*(-2 - r). Suppose k*l = -l + 149. Is l composite?
False
Let n be (-6)/2*40/(-30). Let t be (-9)/12 - (-3)/n. Suppose t = 3*g - 3, -2*d - 2*g - g = -293. Is d a composite number?
True
Let c(z) = -82*z**3 - 2*z**2 + 16*z + 7. Is c(-6) a prime number?
True
Let q = -34 + 19. Is 7/((q/(-185))/3) a composite number?
True
Is (-6)/1 + (6675 - -4) prime?
True
Let g(x) = 9*x + 1. Suppose -l = 3*a - 0 - 9, -3*l = 0. Suppose q + a*q = 16. Is g(q) a composite number?
False
Let b(p) = -89*p**3 + 2*p**2 + 2*p. Suppose 0 = -4*l - 3 - 1. Is b(l) prime?
True
Let v(s) = -412*s - 3. Let c be v(-1). Let h = -208 + c. Is h composite?
True
Suppose 68*k = 14*k + 10735794. Is k composite?
False
Let y = 15611 - 33232. Let k = -12102 - y. Is k composite?
False
Let n(h) = 90*h**3 + h**2 + 3*h - 7. Let y be n(3). Let i = y - 79. Is i prime?
False
Suppose 5028 = 2*z - 1710. Is z a prime number?
False
Let d(y) = 15*y**2 - 2*y + 24. Let t be d(-11). Let l = t - 1212. Is l a composite number?
True
Suppose -4*a = w - 182593, 3*a - 136951 = 59*w - 61*w. Is a a prime number?
False
Let t = -24 - -324. Let z be 0*(-1)/(-4) + -43. Let o = z + t. Is o a composite number?
False
Suppose -3*v + 2*q + 5591 = 0, 6*q - 4*q = -8. Is v a prime number?
True
Suppose 2*t - 7*t + 20 = 3*x, -5*t - 4*x + 25 = 0. Let o be 6/6 - t*4. Is 0 - 3183/(-6 - o) a composite number?
False
Suppose -5*z - q = -20762, -4*z = -8*z + 3*q + 16621. Is z a prime number?
True
Let r = -51 + -24. Is (575/r)/(0 - 2/282) prime?
False
Suppose 0 = w - 3*k - 6, 2*k = -w - 2*w - 4. Suppose 5*d - 4829 - 6 = w. Is d a prime number?
True
Let q = 4 + 100. Let x = 485 - q. Is x a prime number?
False
Let u(s) = -5*s**2 + s. Let y be u(-1). Let a = -4 - y. Suppose -7*x + 6*x = a*d - 409, -d - x = -206. Is d a prime number?
False
Let u(f) = 2*f**3 - 4*f**2 + 2*f + 1. Let h be u(2). Suppose 0 = 2*y + 3*y - 2*o + 8046, -y + h*o = 1623. Let i = y - -3661. Is i prime?
True
Let h(m) = 3*m**3 + 4*m**2 + m. Let p be h(6). Let a = p + -317. Is a a composite number?
True
Let w(g) = 25*g - 22. Let z(i) = i**2 - 2*i + 3. Let d be z(-2). Is w(d) a composite number?
True
Suppose 2*i + 167 = -2*v - 47, -5*v = 4*i + 533. Let o = -98 - v. Is o composite?
False
Suppose -186*r = -182*r - 81764. Is r a prime number?
True
Suppose -n - 678 + 4197 = 2*b, 3*n - 3 = 0. Is b a prime number?
True
Let l = 39 - 30. Suppose 0 = -l*d + 74 + 9979. Is d a prime number?
True
Let y be -186 + (-3)/(1 - 4). Suppose 0 = 4*t + l + 527, 0*t - t + 3*l - 135 = 0. Let n = t - y. Is n a prime number?
True
Suppose 379 = 5*z - 1296. Is z prime?
False
Suppose -122*y = -120*y - 3322. Is y prime?
False
Is (-4 - -3) + (-88)/(-12)*189 composite?
True
Let f be 316/((6/68)/3). Let k(y) = y**3 + 19*y**2 - 11*y + 208. Let g be k(-20). Is f/7 - (-4)/g prime?
False
Suppose n - 2*u = -u + 269, -3*n = u - 807. Suppose r + r = 3*y - 293, -2*r - n = 5*y. Let v = -15 - r. Is v a prime number?
True
Let p(j) = 27*j**2 - 8*j + 3 + 8 - 8. Is p(-4) composite?
False
Suppose 0 = 5*w - 13 - 2. Suppose -w*p + p = -320. Suppose -f = -p - 213. Is f composite?
False
Suppose 0*v - b = 3*v - 3520, -4*b + 5855 = 5*v. Suppose -3*y = 5*a - 1460, -v - 762 = -4*y + 3*a. Is y composite?
True
Let k = 1033 - 180. Is k a composite number?
False
Is (4734/(-72))/((-1)/92) prime?
False
Suppose 108 = -6*y - 24. Let v(p) = 2*p**2 + 2*p - 17. Is v(y) prime?
True
Let t be ((-1226)/3)/((-12)/90). Suppose 7*d - 2*d = t. Is d composite?
False
Is -4 + -4*((-12295)/20 - -3) prime?
False
Let i(v) = 17*v**3 + 12*v**2 + 8*v + 3. Is i(10) prime?
False
Let s(l) = 114*l**3 - 12*l**2 - 11*l + 94. Is s(9) a composite number?
False
Let l(c) be the third derivative of c**7/360 - c**6/720 - 13*c**5/120 - c**4/12 - c**2. Let g(d) be the second derivative of l(d). Is g(-7) prime?
True
Suppose 4*c + 61 = -5*o, -5*o + c = -17 + 58. Is (-5856)/(-2) - ((o - -4) + 2) composite?
True
Suppose -6070*g + 6069*g + 4 = 0. Let m(h) = -3*h**2 - 2 + 3 + 0 + 5*h**3 + 5*h. Is m(g) a composite number?
False
Let v = -92134 + 143717. Is v composite?
True
Is (5 + -1 + -1653)*(-3 - -2) prime?
False
Suppose m + f - 73584 = 0, 7*m + 3*f - 147169 = 5*m. Is m prime?
True
Let s be (74/3)/(26/(-1599)). Is s/(-3)*((-7)/(-1) + -4) composite?
True
Suppose -29 = -5*y + 31. Let d(v) = 10*v - 17. Is d(y) prime?
True
Suppose -286 - 258 = -4*t. Suppose u - t = -0*h + 3*h, h + 38 = 4*u. Let k = h + 377. Is k composite?
False
Let t = 10921 - 4452. Is t prime?
True
Is (-8)/(-2) + (-7 + 11 - -3803) prime?
False
Suppose 38 = 4*o - 26. Suppose -5*f + 399 = -o. Suppose 3*z - 2*z = f. Is z a prime number?
True
Let t = 19597 + -5634. Is t prime?
True
Let b(j) = j**3 + j**2 + j + 34. Let s be b(0). Suppose s = g - l, -3*g + 0*g + l + 108 = 0. Is g composite?
False
Suppose 2*z = b - 2*z - 1, -22 = -4*b - 2*z. Suppose -3*w + 17 = m, 3*w = -4*m - b + 37. Suppose -4*j - w*q + 191 = -1113, -2*j - 4*q = -642. Is j composite?
False
Let a be (111/12 - 1)/((-6)/(-16)). Let r = a - -661. Is r prime?
True
Suppose -5*j - 56 + 231 = 0. Let k be (-246)/(-5) - 7/j. Suppose f - 151 = -4*l, 2*l - 19 = 2*f + k. Is l a composite number?
False
Suppose 3*m - 16 = -5*g, -m + 3*m = -4*g + 12. Suppose -a + 4*a = -2*s + 6, -5*a = -g*s - 10. Suppose -462 = -a*p + 476. Is p a composite number?
True
Let x = -9692 - -1